 103590079?
False
Is 91851600 a multiple of 2831?
False
Is 1097 a factor of 117481021?
True
Is 816046676 a multiple of 226?
True
Is 759 a factor of 81853596?
True
Does 863 divide 35338750?
False
Is 222253222 a multiple of 38?
True
Is 7805 a factor of 459730850?
False
Is 5 a factor of 1278380?
True
Is 2965 a factor of 25376622?
False
Does 46 divide 882449342?
False
Is 610 a factor of 44660564?
False
Is 241464160 a multiple of 560?
True
Is 1225704997 a multiple of 6?
False
Does 15 divide 1013863185?
True
Does 278 divide 3644440262?
False
Does 332 divide 791478704?
True
Does 27 divide 80370233?
False
Is 134 a factor of 658208?
True
Is 1036571525 a multiple of 171?
False
Is 1625348057 a multiple of 5674?
False
Is 266498832 a multiple of 41?
False
Does 297 divide 321773056?
False
Is 75940817 a multiple of 327?
False
Is 367356341 a multiple of 535?
False
Does 1365 divide 53791920?
True
Is 71804149 a multiple of 127?
True
Is 9 a factor of 936103968?
True
Is 11 a factor of 1341705157?
False
Does 2540 divide 421386000?
True
Does 46 divide 1777939560?
True
Is 12527 a factor of 2896537015?
False
Is 66 a factor of 91540032?
False
Is 90887310 a multiple of 5?
True
Is 712525812 a multiple of 178?
True
Does 301 divide 24340332?
False
Is 802 a factor of 815827820?
False
Is 17363586 a multiple of 134?
True
Is 174 a factor of 370838213?
False
Is 857654562 a multiple of 571?
True
Is 27 a factor of 85541292?
True
Does 77 divide 2094434940?
False
Is 598 a factor of 22503338?
True
Is 127221386 a multiple of 19?
False
Is 55 a factor of 6831390?
False
Is 1114803700 a multiple of 10?
True
Is 8 a factor of 249396008?
True
Is 3821 a factor of 75094113?
True
Does 3 divide 7622897?
False
Is 6354936 a multiple of 24?
True
Does 107 divide 1680995573?
True
Does 7 divide 250902827?
True
Does 37 divide 62968450?
True
Does 23 divide 73461358?
False
Is 157101396 a multiple of 11?
False
Is 2 a factor of 296320?
True
Is 100715841 a multiple of 6?
False
Does 34 divide 122913842?
True
Is 81 a factor of 1047637557?
True
Is 118 a factor of 41158698?
False
Is 6 a factor of 1982034144?
True
Is 13268008 a multiple of 226?
True
Is 1199700468 a multiple of 3093?
True
Is 807249777 a multiple of 17?
True
Is 1321023652 a multiple of 3414?
False
Is 33 a factor of 6030255?
True
Is 240145959 a multiple of 65?
False
Is 1140538417 a multiple of 16?
False
Does 8 divide 871277720?
True
Does 129 divide 62500901?
False
Does 2736 divide 3450096?
True
Is 25080900 a multiple of 20?
True
Is 475038779 a multiple of 427?
False
Does 11 divide 246758862?
False
Does 451 divide 24425748?
False
Is 369 a factor of 62062848?
True
Is 106168236 a multiple of 12?
True
Does 33 divide 436606962?
True
Is 780435936 a multiple of 57?
False
Is 104920964 a multiple of 3154?
True
Does 6 divide 25220574?
True
Is 162461774 a multiple of 326?
True
Is 118223168 a multiple of 7?
True
Is 2 a factor of 8957908?
True
Is 3 a factor of 16198065?
True
Is 7 a factor of 75020659?
True
Does 11 divide 915725578?
False
Does 8 divide 674554065?
False
Is 111298736 a multiple of 428?
False
Is 28 a factor of 40643168?
False
Does 842 divide 28342562?
True
Does 20 divide 136589780?
True
Does 13 divide 70654662?
True
Is 4305 a factor of 2587670452?
False
Is 559920970 a multiple of 70?
True
Is 5122 a factor of 243771346?
True
Is 332635500 a multiple of 250?
True
Is 2054 a factor of 182719732?
True
Does 16 divide 2049837776?
True
Does 7 divide 5859371?
True
Does 3636 divide 280305052?
False
Is 2353 a factor of 172079596?
True
Is 57 a factor of 625676265?
False
Is 48 a factor of 149161392?
True
Is 80513262 a multiple of 31?
True
Does 1841 divide 1558528006?
True
Does 33 divide 2508177672?
True
Does 4684 divide 111947600?
True
Is 1850 a factor of 73863488?
False
Is 789246900 a multiple of 3380?
True
Is 1039322973 a multiple of 6?
False
Is 1727 a factor of 5520592099?
True
Does 41 divide 1360865352?
False
Is 8 a factor of 29302540?
False
Is 156 a factor of 2988365128?
False
Does 6 divide 3894474?
True
Is 1412862663 a multiple of 89?
False
Does 42 divide 20065782?
False
Does 1308 divide 33017032?
False
Is 79264900 a multiple of 460?
True
Is 22405094 a multiple of 1754?
False
Is 389866356 a multiple of 726?
True
Does 125 divide 10627587?
False
Is 2619346 a multiple of 95?
False
Does 131 divide 792812?
True
Is 9835 a factor of 995652467?
False
Does 2290 divide 954930?
True
Is 1984 a factor of 13743168?
True
Is 384234944 a multiple of 656?
True
Is 5 a factor of 129938521?
False
Is 4469559 a multiple of 3?
True
Does 178 divide 26586212?
False
Is 56173589 a multiple of 10?
False
Does 2232 divide 513433276?
False
Does 425 divide 49327625?
True
Is 1351 a factor of 114141937?
True
Does 234 divide 288858530?
False
Is 8 a factor of 35222711?
False
Does 55 divide 8612256?
False
Is 177 a factor of 27967239?
True
Is 1410744576 a multiple of 4962?
False
Is 530 a factor of 31327240?
True
Is 140690356 a multiple of 238?
False
Is 1759273 a multiple of 131?
False
Is 60264414 a multiple of 602?
True
Does 210 divide 621974813?
False
Is 821567746 a multiple of 211?
True
Is 23468808 a multiple of 24?
True
Is 8977562 a multiple of 205?
False
Is 16675080 a multiple of 3?
True
Is 14863530 a multiple of 11?
True
Is 8 a factor of 1029514022?
False
Is 37 a factor of 1318236518?
True
Does 3233 divide 4574703241?
False
Does 1648 divide 979781248?
False
Is 81160437 a multiple of 1291?
False
Is 357 a factor of 211041621?
True
Does 47 divide 180433147?
False
Is 773 a factor of 3690302?
True
Is 15 a factor of 145669?
False
Is 137 a factor of 20581347?
False
Does 15 divide 954262305?
True
Is 57608248 a multiple of 16?
False
Does 180 divide 601637583?
False
Is 71 a factor of 376459258?
False
Is 114605792 a multiple of 14?
True
Does 29 divide 88144920?
True
Is 244785317 a multiple of 203?
True
Is 12 a factor of 1643754216?
True
Is 335 a factor of 8763902?
False
Does 17 divide 986214?
False
Is 37 a factor of 78238646?
True
Is 625130906 even?
True
Does 19 divide 37867022?
False
Does 32 divide 62315114?
False
Is 231 a factor of 63178500?
True
Does 117 divide 2112318?
True
Is 59 a factor of 18111087?
False
Is 1260552930 a multiple of 21?
True
Is 9 a factor of 57893237?
False
Does 49 divide 10960957?
True
Is 13 a factor of 447392192?
True
Is 21590809 a multiple of 174?
False
Is 40478808 a multiple of 31?
True
Is 816 a factor of 3653249952?
True
Does 3197 divide 333421524?
True
Is 49777068 a multiple of 11?
True
Is 676 a factor of 2892060496?
True
Does 5 divide 36715858?
False
Is 2630361084 a multiple of 4106?
True
Is 505129027 a multiple of 44?
False
Is 27 a factor of 87885?
True
Does 354 divide 14412037?
False
Does 44 divide 73619466?
False
Is 1403 a factor of 456973247?
False
Is 13 a factor of 1765388195?
False
Is 90060680 a multiple of 5?
True
Is 195403208 a multiple of 52?
True
Is 16 a factor of 35492256?
True
Is 762330924 a multiple of 3204?
True
Is 310572450 a multiple of 18?
True
Does 86 divide 38041511?
False
Is 406553630 a multiple of 19?
False
Is 37 a factor of 19266788?
True
Does 10 divide 875301257?
False
Is 74714376 a multiple of 11?
True
Is 92874624 a multiple of 384?
True
Is 25 a factor of 262894116?
False
Does 69 divide 10375944?
True
Is 1379 a factor of 979704716?
False
Is 6 a factor of 33523796?
False
Is 359607320 a multiple of 397?
False
Is 720777099 a multiple of 44?
False
Is 43 a factor of 5319020?
False
Is 14 a factor of 581667114?
True
Does 50 divide 292795873?
False
Is 45401330 a multiple of 130?
True
Is 188670630 a multiple of 2?
True
Is 8410864 a multiple of 1232?
True
Is 104 a factor of 30153854?
False
Is 1582597754 a multiple of 1541?
True
Does 12 divide 516807644?
False
Does 54 divide 123738462?
True
Is 37 a factor of 30701768?
False
Is 3390 a factor of 332764138?
False
Is 15 a factor of 87027435?
True
Is 570 a factor of 805347870?
True
Is 405651800 a multiple of 8?
True
Is 18 a factor of 10621782?
True
Is 67 a factor of 14632360?
False
Is 3631 a factor of 276772557?
False
Does 1921 divide 1341531220?
False
Is 31 a factor of 416368201?
False
Is 2685 a factor of 938332320?
True
Is 9053 a factor of 1651937122?
True
Is 5 a factor of 58609465?
True
Is 4065 a factor of 550470764?
False
Does 108 divide 62542152?
True
Is 2565787 a multiple of 4?
False
Is 238056490 a m